t g = b - q. What is the units digit of g?
4
Suppose 1410355 + 479981 + 38220 = 108*h. What is the units digit of h?
7
Suppose 4*m - 12*m + 112 = 0. Suppose -m = b - 2. What is the tens digit of 129/b*-2 + (-3)/6?
2
Suppose -33021 = -5*j - 6736. Suppose -11*k + j = -10638. What is the hundreds digit of k?
4
Suppose 0 = k + 4*z + 10, -68 = 3*k - 5*z - 38. Let g(j) = -14*j + 134. What is the hundreds digit of g(k)?
2
Suppose -61*y = -25*y - 108. Suppose -2*b + 0*d + 916 = -y*d, 5*d = -b + 458. What is the units digit of b?
8
Suppose 21 = 16*a - 91. What is the units digit of 22 + 0*1/a?
2
Let c be (46/69)/(4/(-1074)). Let j = 124 + c. Let b = j + 149. What is the tens digit of b?
9
Suppose 4*c + 8 = 0, 0 = -61*d + 58*d + 3*c + 66564. What is the thousands digit of d?
2
What is the hundreds digit of ((-222786)/(-78))/((-88)/(-1144))?
1
Let h(n) = -2885*n - 4876. What is the thousands digit of h(-4)?
6
Suppose -162373 - 490173 - 160521 = -19*s. What is the hundreds digit of s?
7
What is the tens digit of (-63)/7 + 20769 + 4?
6
Let y(w) = 4040*w**2 + 236*w - 705. What is the units digit of y(3)?
3
Suppose -4*g = -g - 186. Let t be 3234/14*g/(-2). What is the tens digit of t/(-105) + 8/10?
6
Let k = 24762 - -20570. What is the hundreds digit of k?
3
Suppose 4*f + 4*c = -c - 7, 2*f = -3*c - 3. Let i be f*((-1)/(-1))/3. What is the tens digit of (-6)/(-24)*-2*(-417 + i)?
0
Suppose -9*d + 20*d + 88 = 0. What is the tens digit of 6407/(-86)*d/1?
9
Suppose 7*l - 2*l = -35, 3*l = 5*r - 398836. What is the units digit of r?
3
Let k = -1522 + 2643. Suppose -24*a + 1719 = -21*a + 3*p, 2*a - k = 3*p. What is the units digit of a?
8
Let s = -114 - -148. Let c(z) = 10*z**2 + 2*z - 2. Let h be c(2). Let u = h - s. What is the units digit of u?
8
Suppose 2 = z, 4*j + 1680 = 16*z - 20*z. Let g = 743 + j. What is the units digit of g?
1
Suppose 3 - 3 = c. Suppose -v + 28 + 12 = 3*p, p + 4*v - 28 = c. Let o(d) = 10*d + 38. What is the hundreds digit of o(p)?
1
Let j(o) = -5*o**2 - 3*o - 36. Let g be j(-9). Let d = g - -711. What is the tens digit of d?
9
Suppose 93 - 1595 = -2*v. Suppose 3586 = 5*s + v. What is the tens digit of s?
6
Let i(f) = -431*f - 985. What is the tens digit of i(-25)?
9
Let i(h) = -4*h**3 - 2*h**2 - h. Let l be i(-1). Suppose 1 = -l*z + 4. What is the units digit of -4 - -119 - (-4)/z?
9
Let t(h) = -16 + 41*h**3 - 88*h**3 - 7*h**2 + 3*h + 48*h**3. What is the units digit of t(10)?
4
Let c(i) = -457*i**3 - 43*i**2 - 16*i - 25. What is the units digit of c(-4)?
9
Let y(x) = 5*x - 25. Let l be y(6). What is the tens digit of (-5)/((-15)/57)*(l + -4)?
1
Let j(d) = -20*d - 59. Let t(s) = s - 1. Let h(m) = j(m) - 4*t(m). Let a be h(-17). Let c = a - 85. What is the hundreds digit of c?
2
Let y = 12687 + -12258. What is the tens digit of y?
2
What is the hundreds digit of (-14575)/22*(-2744)/70?
9
Suppose -g + 4*n + 5804 = 0, 9*g + 17490 = 12*g + n. What is the units digit of g?
8
Let r(p) be the third derivative of -p**6/120 + 9*p**5/20 - 41*p**4/12 + 5*p**3 - 250*p**2. What is the hundreds digit of r(20)?
1
Let o = 144286 - 101003. What is the units digit of o?
3
Let o be (-12176)/(-48) - ((-4)/(-6) + -1). Suppose -2*b = -q - 254, -2*b + q + o = 5*q. Suppose b = 3*m - 20. What is the tens digit of m?
4
What is the tens digit of 1017*65/(-10)*16/(-3)?
5
Suppose -257*a + 17658 = 2*q - 255*a, -5*q - a + 44157 = 0. What is the tens digit of q?
3
Suppose -10*b = -3*v - 13248, 2*v - 3609 - 1671 = -4*b. What is the tens digit of b?
2
Suppose 21074 = 3*d - g, -228*d - 2*g - 7023 = -229*d. What is the thousands digit of d?
7
Let x(s) be the third derivative of -13*s**6/20 - s**5/20 - 5*s**4/8 - 13*s**3/6 - 34*s**2. What is the tens digit of x(-2)?
2
Let v(p) = -149*p**2 + 9*p - 20. Let w(r) = 145*r**2 - 8*r + 21. Let k(y) = -7*v(y) - 6*w(y). What is the hundreds digit of k(1)?
1
Let m(l) = 262*l + 955. What is the units digit of m(16)?
7
Suppose j + 4109 = 5*x - 5040, j = 1. What is the tens digit of x?
3
Let u = 852 - 845. Suppose -2*k - 1592 = -u*k - 3*m, -1276 = -4*k - 3*m. What is the tens digit of k?
1
Let m(z) = -6*z**3 - 10*z**3 - 5*z**3 + 25*z**3 + 10 - 5*z**3 - 72*z + 29*z**2. What is the units digit of m(24)?
2
Suppose 16*w = 18*w - 6, 3*l - 42 = -5*w. Suppose -5*n + 5*a - 275 = 0, 0*a - 3*a = 2*n + 90. What is the units digit of (n/l)/(3/(-45))?
5
Let o(q) be the first derivative of 6*q**2 + 12*q - 130 + 14*q + 115 + 2*q**2. What is the units digit of o(6)?
2
Let t(z) = -136*z - 4360. What is the hundreds digit of t(-47)?
0
Let w = 0 + -18. Let g = -16 - w. What is the tens digit of -3 + (g + -3)*-42?
3
Let o(l) = 13*l - 109. Let m be o(8). Let s(b) = b**3 + 11*b**2 + 8*b + 9. What is the units digit of s(m)?
9
Let x(d) = 36*d**2 + 236*d - 3393. What is the units digit of x(14)?
7
Suppose -36*z = -142 + 34. Suppose 37*r - z*r - 18292 = 0. What is the hundreds digit of r?
5
Let z be (48/20)/(1*6/460). Suppose 0 = n + t - 4*t - 110, -2*n - 3*t + z = 0. Suppose 5*o = -n + 473. What is the units digit of o?
5
Let h be ((-12)/(-6))/(14/21). Suppose 7531 = 4*z + 4*x + 63, 0 = h*x + 15. What is the units digit of z?
2
Let g(w) = 5*w**2 - 13*w - 46. Let t be g(-9). Suppose 15*v - 22*v + t = 0. What is the tens digit of v?
6
Let b(c) = c**3 + 13*c**2 - 8*c + 14. Suppose 4*v + 197 - 149 = 0. What is the tens digit of b(v)?
5
What is the tens digit of (-1)/11 + 23781420/429 + (-12)/(-22)?
3
Suppose 5*b - 3652 = -2*k, -5528 = -3*k + 67*b - 62*b. What is the tens digit of k?
3
Let f = 817 + -812. Suppose 10*a - 6*a - 2*w = 6440, -f*a + 3*w = -8050. What is the units digit of a?
0
Let c(f) = 201*f**2 - 27*f + 50. What is the hundreds digit of c(6)?
1
What is the tens digit of 2405024/672 + (2/21 - 0)?
7
Let o = 14618 + 8133. What is the thousands digit of o?
2
Suppose -s = -5*u + 9, 2*s = -2*u + 3 + 3. Let z(b) = -3*b + 51. Let t(q) = -5*q + 102. Let i(w) = u*t(w) - 5*z(w). What is the tens digit of i(26)?
7
Suppose -2*a = 0, -n = -0*n - 4*a - 2. Suppose -d - m = -2*d - 202, n*d - 3*m = -404. Let v = -46 - d. What is the hundreds digit of v?
1
Suppose -8955 + 1798 = 17*a. Let s = 953 + a. What is the units digit of s?
2
Suppose 2*w + 0*w - 464 = 2*b, 3*w - 4*b = 694. Let l = 124 + 38. Let d = w - l. What is the units digit of d?
2
Suppose 2*f = 3*f - 2, -5*q - f + 317 = 0. Let a be q/(-18)*(0 + 32/(-14)). Suppose -a*n = -9*n + 15. What is the tens digit of n?
1
What is the tens digit of (14260/(-690))/(2/(-831) + 0)?
8
Suppose 52 = 37*c - 63*c. What is the units digit of (-1 - 4) + c + 751?
4
Suppose -25*h + 38 = -37. Suppose 0 = h*b + 5*b - 1904. What is the tens digit of b?
3
Let i = -8226 + 34545. What is the thousands digit of i?
6
What is the units digit of (-48)/(-40) + 490384/80?
1
Let g = -131 + 141. Suppose -g*n = -18*n + 1920. What is the units digit of n?
0
Let z(r) = -14*r**2 + 759*r - 15. What is the thousands digit of z(40)?
7
Suppose 12*y - 12 = 16*y. Let i be 10/y*(2 - (-3)/(-6)). Let w(r) = 4*r**2 + 8*r + 4. What is the units digit of w(i)?
4
Let s = 540 + 6692. What is the hundreds digit of s?
2
Suppose -9*u + 6775 + 14249 = 0. Let a = u - 1289. What is the hundreds digit of a?
0
Let h(j) be the third derivative of j**5/60 - j**4/24 + 11*j**3/6 - 6*j**2. Let x be h(7). Let k = 116 - x. What is the units digit of k?
3
Suppose 0 = -a + 8364 - 399. What is the hundreds digit of a?
9
Suppose v = 2*d - 984, 0 = 2*d - 10*v + 7*v - 980. What is the hundreds digit of d?
4
Let s(c) be the third derivative of c**5/60 + 5*c**4/24 + 8*c**3/3 + 41*c**2. What is the hundreds digit of s(-15)?
1
Let d = 43 + -34. Let g be (3/(d/(-93)))/((-3)/6). Let w = g + 58. What is the tens digit of w?
2
Suppose -3323890 = -277*n + 216*n. What is the thousands digit of n?
4
What is the tens digit of (247/(-741))/((-125572)/(-125574) + -1)?
2
Let b(g) = 3*g + 3 - 2*g**3 + g**3 - 3*g**3 + 2*g**2. Let u be 12/30 + 17/(-5). What is the hundreds digit of b(u)?
1
Let x(j) = -7*j**3 + 2*j**2 - j. Let m be x(1). Let z be 657/m*2/3. Let d = z + 113. What is the tens digit of d?
4
Suppose v - 916 = 5*u, 0 = -3*v - 13*u + 9*u + 2786. What is the units digit of v?
6
Suppose 2757160 = 2240*m - 2184*m. What is the ten thousands digit of m?
4
Let k = -426 - -445. Suppose -17*i + 